e 13, what is 2084b7 + 3?
2084ba
In base 14, what is -6 + 989?
983
In base 4, what is 3113011 + 2?
3113013
In base 16, what is 121ef - 10?
121df
In base 13, what is 358810 + -1?
35880c
In base 9, what is -560350 - 4?
-560354
In base 10, what is 313 + -76?
237
In base 10, what is -5308 - -84?
-5224
In base 5, what is -122313 + -44?
-122412
In base 16, what is -3 - -3a1c6?
3a1c3
In base 13, what is 1821 - -6?
1827
In base 14, what is 9c34a - 3?
9c347
In base 5, what is 2 - 4202023?
-4202021
In base 4, what is -22 - 33303310?
-33303332
In base 8, what is 246270 - -30?
246320
In base 9, what is -143 + -330?
-473
In base 3, what is -20 + -202221000021?
-202221000111
In base 11, what is 24 - 190?
-167
In base 14, what is -5 - -27926?
27921
In base 5, what is 1030342 - 14?
1030323
In base 6, what is -24 - -112554?
112530
In base 8, what is -130 + -570?
-720
In base 8, what is -215 - -7163?
6746
In base 14, what is -34d + -487?
-7d6
In base 6, what is -2423 - 14000?
-20423
In base 5, what is -40044222 - -11?
-40044211
In base 11, what is 384 - -1834?
2108
In base 7, what is 3526 - 32?
3464
In base 7, what is 5 - 115036?
-115031
In base 13, what is 3543 + 9?
354c
In base 13, what is a12b - -14?
a142
In base 16, what is -ecd0a - -5?
-ecd05
In base 6, what is -13411 + 15?
-13352
In base 11, what is 12671 - -34?
126a5
In base 12, what is 29a + 548?
826
In base 14, what is 6a85 + 1?
6a86
In base 15, what is 3327 - 0?
3327
In base 7, what is 1 - 153663?
-153662
In base 13, what is -1a - 8c6?
-913
In base 16, what is -4 + 1f172?
1f16e
In base 15, what is -adecd - 4?
-aded2
In base 4, what is -11 + -12113003?
-12113020
In base 3, what is -12 + 100022210002?
100022202220
In base 15, what is 3962a - 3?
39627
In base 12, what is 31b8 + 41?
3239
In base 4, what is -20302300213 + 10?
-20302300203
In base 3, what is -10001002 - -101101?
-2122201
In base 16, what is -b97d40 - 2?
-b97d42
In base 14, what is -2 - 14a6?
-14a8
In base 8, what is -44773 - -12?
-44761
In base 15, what is -1 - -41cd?
41cc
In base 5, what is 32 - 13302?
-13220
In base 16, what is 7 - -28fe9?
28ff0
In base 2, what is 100 + 10101010111000110?
10101010111001010
In base 11, what is 3 - -15762?
15765
In base 8, what is 1502402 + 1?
1502403
In base 14, what is 226c + -1a?
2252
In base 14, what is 98ba - 1?
98b9
In base 9, what is -1 - 48421?
-48422
In base 14, what is -b49a1d + 3?
-b49a1a
In base 8, what is -5107 - -14?
-5073
In base 7, what is 13 + 3650?
3663
In base 5, what is -10132002 + 1?
-10132001
In base 9, what is 1807 + -12?
1785
In base 11, what is -3129a + -1?
-312a0
In base 15, what is -1b - -20ec7?
20eab
In base 8, what is 6 + -16143?
-16135
In base 6, what is -355 + -44?
-443
In base 3, what is 102020212201210 - 11?
102020212201122
In base 14, what is 156 - -22?
178
In base 15, what is 2cb4 + 2?
2cb6
In base 11, what is -1 - 1897a0?
-1897a1
In base 10, what is 44944 - -4?
44948
In base 9, what is 244 + 868?
1223
In base 9, what is -2340 + 17?
-2322
In base 11, what is -1662a - 37?
-16666
In base 5, what is -113144 - 0?
-113144
In base 7, what is -5 - -532404?
532366
In base 13, what is -4468ab - -3?
-4468a8
In base 14, what is 10818 - -4?
1081c
In base 6, what is 4 + -102250?
-102242
In base 5, what is 0 + -12013113?
-12013113
In base 7, what is 4 + 13223205?
13223212
In base 12, what is -170 - -2b4?
144
In base 4, what is -101331223 - 1?
-101331230
In base 8, what is 2602374 - 1?
2602373
In base 11, what is -31418 - 4?
-31421
In base 6, what is 104 + -3224?
-3120
In base 5, what is 10 + -2204214?
-2204204
In base 10, what is 0 - 11376?
-11376
In base 5, what is -413041 + -11?
-413102
In base 6, what is 15552 - -121?
20113
In base 2, what is -10100001011010000 + 100?
-10100001011001100
In base 16, what is -ac4 - c?
-ad0
In base 14, what is 1 + -9d62?
-9d61
In base 13, what is 939 - 0?
939
In base 7, what is 1026336 + 3?
1026342
In base 11, what is 18 - 257?
-23a
In base 14, what is -2024 + 44?
-1dc0
In base 9, what is 10385 + -17?
10367
In base 9, what is 2460 - -1?
2461
In base 3, what is -2 + -11022022000?
-11022022002
In base 7, what is -501 + 202?
-266
In base 16, what is -9cce + 0?
-9cce
In base 11, what is 1934 - -308?
2141
In base 12, what is -1 + 239730?
23972b
In base 13, what is -9b3 + 6?
-9aa
In base 4, what is -212300 - -22013?
-130221
In base 7, what is 245110 + 4?
245114
In base 13, what is 101 - -1447?
1548
In base 7, what is -3060 - -1?
-3056
In base 14, what is 2bb77b - -2?
2bb77d
In base 15, what is 2aa9 - -14?
2abd
In base 2, what is -111100111010011010011 - -10?
-111100111010011010001
In base 8, what is 3 + -1011326?
-1011323
In base 9, what is 16 + -8114?
-8087
In base 6, what is 1151 - -3523?
5114
In base 8, what is -2 - 63431?
-63433
In base 5, what is 4210 - -1433?
11143
In base 2, what is 10000000 + 100000110001?
100010110001
In base 12, what is 0 - -1b1544?
1b1544
In base 4, what is 10 - -23210?
23220
In base 6, what is 23152 - -202?
23354
In base 6, what is 13 + 3320131?
3320144
In base 12, what is -131798 - 1?
-131799
In base 6, what is -332 - -12312?
11540
In base 12, what is 26 - 877?
-851
In base 7, what is 1131 - -404?
1535
In base 4, what is -10 - -120102323?
120102313
In base 14, what is 5452 - -9?
545b
In base 5, what is 1 - 3044022?
-3044021
In base 6, what is 15122 + 55?
15221
In base 10, what is -157123 + -3?
-157126
In base 3, what is 121202 - 220102?
-21200
In base 9, what is -2 - -5617?
5615
In base 13, what is 2 - -24a9?
24ab
In base 9, what is -1460715 - 1?
-1460716
In base 4, what is 23 + 22302?
22331
In base 15, what is d6b + -5c?
d0e
In base 11, what is 7 + 40a?
416
In base 4, what is 21033122 + 31?
21033213
In base 3, what is 11221 - 1021201?
-1002210
In base 8, what is 5 - -1667404?
1667411
In base 12, what is -108b - b?
-109a
In base 7, what is -5 + 4513356?
4513351
In base 3, what is -111101202 - -12?
-111101120
In base 12, what is 42b8 - -a?
4306
In base 3, what is -10 + 1100212?
1100202
In base 8, what is -14641 - -17?
-14622
In base 2, what is -101001 - -11110010111?
11101101110
In base 12, what is -761a5 - -3?
-761a2
In base 11, what is -42244 - 29?
-42272
In base 6, what is 3541324 + 0?
3541324
In base 15, what is -2685a + -13?
-2686d
In base 12, what is -7 - 173?
-17a
In base 15, what is -9a03 - -9?
-99e9
In base 4, what is 13110223012 + 1?
13110223013
In base 9, what is 42 + -76647?
-76605
In base 12, what is -983 + 41?
-942
In base 9, what is 20 + -1856?
-1836
In base 16, what is 8 - 26022?
-2601a
In base 15, what is 2e0a - 11?
2de9
In base 2, what is 11 + -11110011110010?
-11110011101111
In base 4, what is 3222 - 2010?
1212
In base 15, what is -43 - -aa?
67
In base 11, what is 1a6 - 150?
56
In base 10, what is 254 - 1579?
-1325
In base 8, what is -12613 + 222?
-12371
In base 10, what is 579 - -7?
586
In base 3, what is -1011 + 111021?
110010
In base 13, what is 0 + 155c3?
155c3
In base 2, what is -1011 + -1010011100001?
-1010011101100
In base 13, what is -7 + -5479?
-5483
In base 6, what is -1000113 - 15?
-1000132
In base 2, what is -1010000 - 101100?
-1111100
In base 2, what is 101 + 1101111010000011001?
1101111010000011110
In base 13, what is -45 + 94?
4c
In base 12, what is -55448 - -9?
-5543b
In base 7, what is 1 + 45632?
45633
In base 8, what is -12 - 415306?
-415320
In base 13, what is 567 + -7?
560
In base 13, what is -2 - -27b8a2?
27b8a0
In base 8, what is 405 + 626?
1233
In base 11, what is 956 + 22?
978
In base 8, what is 6 - -1220?
1226
In base 13, what is 158 + 30?
188
In base 16, what is 5 - -169?
16e
In base 7, what is 1462 + 40?
1532
In base 8, what is 1354 + -5?
1347
In base 2, what is -1000011010001 + -11111?
-1000011110000
In base 5, what is 11 - -423?
434
In base 3, what is -21211 - -102210?
10222
In base 11, what is 312965 - 2?
312963
In base 5, what is 343100 - 313?
342232
In base 13, what is -1c40 - -2c6?
-1947
In base 9, what is 152 - 2512?
-2350
In base 16, what is -13 + -f7d5?
-f7e8
In base 15, what is 549 - 8b?
4ad
In base 8, what is -27717 - -262?
-27435
In base 15, what is -41 + -185e?
-18a0
In base 3, what is -111012 + 1002?
-110010
In base 14, what is 6a8 + 4a4?
b6c
In base 10, what is -1625 - -263?
-1362
In base 12, what is -17a - -2b9?
13b
In base 2, what is -10001111001011111 - -1?
-1000